at is the highest common factor of 14 and 176960?
14
Calculate the greatest common factor of 4756 and 3712.
116
Calculate the greatest common factor of 223756 and 3380.
676
Calculate the highest common factor of 65056 and 13984.
608
Calculate the highest common divisor of 41022 and 516.
258
Calculate the highest common divisor of 1920 and 1284.
12
What is the greatest common factor of 22 and 1768943?
11
What is the greatest common factor of 1971447 and 771?
771
Calculate the highest common divisor of 135824 and 325.
13
What is the highest common divisor of 20 and 3464?
4
Calculate the greatest common divisor of 110 and 290180.
110
Calculate the highest common divisor of 6736 and 49678.
842
Calculate the highest common divisor of 601348 and 44.
44
Calculate the highest common factor of 77 and 30151.
11
What is the greatest common factor of 395341 and 61?
61
Calculate the greatest common divisor of 6309 and 18.
9
Calculate the greatest common divisor of 2202 and 8486508.
2202
What is the highest common factor of 1902694 and 226?
226
What is the highest common divisor of 4608 and 648?
72
Calculate the highest common factor of 23952 and 6288.
48
What is the greatest common divisor of 9871 and 43?
1
What is the highest common divisor of 2856 and 6013308?
1428
Calculate the highest common divisor of 634949 and 427.
427
What is the highest common factor of 450 and 3768750?
450
Calculate the greatest common divisor of 210310 and 10.
10
What is the greatest common divisor of 364 and 504588?
28
What is the highest common factor of 82950 and 250?
50
Calculate the highest common divisor of 8092 and 28798.
238
Calculate the greatest common factor of 7322 and 182.
14
Calculate the highest common factor of 143 and 33826.
13
Calculate the greatest common factor of 118693 and 171.
19
Calculate the greatest common divisor of 253181 and 17.
17
What is the highest common factor of 6303 and 88?
11
What is the highest common divisor of 78 and 37674?
78
Calculate the highest common factor of 1360 and 13648.
16
What is the highest common factor of 12 and 1827?
3
What is the highest common divisor of 139557 and 66?
33
What is the greatest common factor of 51030 and 162?
162
What is the highest common factor of 4416479 and 82?
41
What is the greatest common divisor of 46 and 144118?
46
Calculate the greatest common factor of 1309 and 503778.
187
What is the greatest common factor of 869 and 4898?
79
What is the highest common factor of 1536 and 15600?
48
What is the highest common factor of 10736 and 2122800?
976
What is the greatest common factor of 13098 and 1776?
222
What is the highest common divisor of 1715 and 25?
5
Calculate the highest common factor of 10 and 17340.
10
What is the greatest common divisor of 2200 and 57640?
440
Calculate the highest common factor of 150 and 235065.
15
What is the greatest common divisor of 136352 and 416?
32
What is the greatest common divisor of 3 and 51549?
3
Calculate the highest common factor of 25704 and 2924.
68
What is the highest common factor of 2 and 25717?
1
What is the highest common divisor of 6468 and 1232?
308
What is the highest common divisor of 24087 and 721?
7
What is the greatest common divisor of 165 and 3399?
33
Calculate the highest common factor of 19 and 65721.
19
What is the greatest common factor of 5678 and 9656?
34
What is the highest common divisor of 58 and 123482?
58
What is the greatest common divisor of 725 and 24950?
25
Calculate the highest common divisor of 297486 and 162.
54
What is the greatest common factor of 943 and 6256?
23
What is the highest common divisor of 96418 and 4473?
497
What is the highest common divisor of 928068 and 36?
12
Calculate the greatest common factor of 777 and 2168607.
777
What is the highest common divisor of 20 and 22340?
20
What is the highest common divisor of 3064 and 46343?
383
Calculate the greatest common divisor of 51658 and 12926.
46
What is the greatest common divisor of 5638 and 26?
2
Calculate the greatest common factor of 2110820 and 40.
20
What is the highest common factor of 1586 and 5978?
122
What is the greatest common factor of 10298 and 166394?
542
Calculate the highest common factor of 117 and 5135.
13
Calculate the highest common factor of 395099 and 335.
67
Calculate the highest common factor of 50220 and 1161.
27
What is the highest common factor of 33122 and 16?
2
What is the highest common divisor of 530 and 6770?
10
What is the greatest common factor of 864765 and 33193?
1747
What is the highest common divisor of 2046 and 352?
22
What is the greatest common divisor of 4740 and 5767?
79
What is the greatest common divisor of 827 and 137282?
827
What is the highest common divisor of 1963036 and 113?
113
What is the greatest common divisor of 4374 and 5850?
18
Calculate the highest common divisor of 466 and 737911.
233
Calculate the highest common divisor of 32215 and 340.
85
What is the highest common divisor of 155 and 619845?
155
What is the highest common factor of 4121 and 5785?
13
What is the highest common divisor of 221 and 294151?
221
Calculate the greatest common divisor of 225 and 255.
15
What is the highest common factor of 14236 and 64?
4
Calculate the highest common divisor of 1467891 and 43.
43
Calculate the highest common divisor of 54729 and 225.
9
Calculate the highest common divisor of 152229 and 4851.
231
Calculate the greatest common divisor of 8484 and 651.
21
What is the greatest common factor of 71427 and 261?
87
What is the greatest common divisor of 93400 and 28487?
467
What is the greatest common divisor of 3144 and 22776?
24
What is the greatest common factor of 299 and 17849?
13
What is the greatest common divisor of 229651 and 116?
29
What is the greatest common factor of 54 and 203?
1
What is the highest common divisor of 114 and 4750?
38
What is the greatest common divisor of 3766 and 7406?
14
Calculate the greatest common factor of 3267 and 87846.
363
What is the greatest common factor of 38 and 85481?
19
Calculate the greatest common factor of 58 and 7502.
2
Calculate the greatest common divisor of 14 and 2474766.
14
Calculate the highest common divisor of 58 and 3110.
2
What is the greatest common divisor of 136514 and 7154?
98
Calculate the greatest common divisor of 54 and 2532.
6
Calculate the greatest common divisor of 1016 and 448.
8
What is the highest common divisor of 36302 and 1?
1
What is the greatest common divisor of 4179 and 3633?
21
Calculate the highest common divisor of 10 and 65710.
10
Calculate the highest common divisor of 1024 and 14360.
8
What is the greatest common divisor of 960 and 192320?
320
Calculate the highest common divisor of 200 and 2648.
8
What is the greatest common divisor of 47982 and 55?
11
Calculate the greatest common factor of 84 and 712698.
42
What is the highest common factor of 59904 and 7800?
312
What is the highest common factor of 8338 and 1?
1
Calculate the greatest common divisor of 19598 and 8126.
478
Calculate the highest common factor of 26488 and 67166.
946
Calculate the greatest common factor of 554 and 640147.
277
What is the highest common divisor of 426748 and 112?
28
Calculate the greatest common factor of 150 and 673300.
50
Calculate the highest common divisor of 85788 and 18.
18
What is the highest common divisor of 1390900 and 50?
50
Calculate the highest common factor of 392949 and 9.
9
What is the greatest common factor of 213171 and 12?
3
What is the highest common divisor of 933 and 84592?
311
Calculate the highest common factor of 57317 and 559.
13
Calculate the highest common divisor of 420676 and 18436.
1676
What is the greatest common divisor of 1384 and 5017?
173
What is the highest common factor of 32 and 773456?
16
Calculate the highest common factor of 3935 and 568214.
787
What is the highest common factor of 52 and 56381?
13
What is the highest common divisor of 1373670 and 540?
90
What is the greatest common factor of 22081 and 12751?
311
Calculate the greatest common factor of 24 and 376368.
24
What is the greatest common factor of 110 and 15310?
10
What is the greatest common divisor of 208 and 10888?
8
What is the greatest common divisor of 3390681 and 42?
21
What is the greatest common divisor of 5856 and 192?
96
Calculate t